166 is divided by 7?
5
Calculate the remainder when 327 is divided by 67.
59
Calculate the remainder when 37 is divided by 32.
5
Calculate the remainder when 47 is divided by 12.
11
What is the remainder when 212 is divided by 120?
92
What is the remainder when 11 is divided by 6?
5
Calculate the remainder when 70 is divided by 6.
4
Calculate the remainder when 255 is divided by 24.
15
What is the remainder when 45 is divided by 23?
22
Calculate the remainder when 878 is divided by 52.
46
What is the remainder when 816 is divided by 271?
3
Calculate the remainder when 258 is divided by 66.
60
Calculate the remainder when 103 is divided by 15.
13
Calculate the remainder when 304 is divided by 63.
52
Calculate the remainder when 2225 is divided by 26.
15
What is the remainder when 7715 is divided by 7711?
4
Calculate the remainder when 8532 is divided by 50.
32
Calculate the remainder when 292 is divided by 59.
56
What is the remainder when 1351 is divided by 13?
12
What is the remainder when 142 is divided by 80?
62
Calculate the remainder when 1907 is divided by 36.
35
Calculate the remainder when 21057 is divided by 117.
114
Calculate the remainder when 69 is divided by 25.
19
Calculate the remainder when 266 is divided by 156.
110
What is the remainder when 14755 is divided by 119?
118
Calculate the remainder when 188 is divided by 42.
20
Calculate the remainder when 1141 is divided by 106.
81
What is the remainder when 1822 is divided by 73?
70
What is the remainder when 1863 is divided by 134?
121
What is the remainder when 162 is divided by 34?
26
Calculate the remainder when 1606 is divided by 70.
66
What is the remainder when 1000 is divided by 331?
7
What is the remainder when 227 is divided by 83?
61
Calculate the remainder when 340 is divided by 110.
10
What is the remainder when 697 is divided by 50?
47
Calculate the remainder when 471 is divided by 234.
3
What is the remainder when 130 is divided by 69?
61
What is the remainder when 171 is divided by 81?
9
What is the remainder when 32 is divided by 3?
2
What is the remainder when 82 is divided by 72?
10
What is the remainder when 611 is divided by 92?
59
What is the remainder when 73 is divided by 15?
13
What is the remainder when 481 is divided by 54?
49
What is the remainder when 804 is divided by 163?
152
What is the remainder when 281 is divided by 6?
5
What is the remainder when 185 is divided by 50?
35
What is the remainder when 76 is divided by 9?
4
What is the remainder when 124 is divided by 105?
19
Calculate the remainder when 466 is divided by 60.
46
Calculate the remainder when 1986 is divided by 27.
15
What is the remainder when 128 is divided by 13?
11
What is the remainder when 1358 is divided by 91?
84
Calculate the remainder when 1499 is divided by 94.
89
Calculate the remainder when 158 is divided by 41.
35
What is the remainder when 347 is divided by 32?
27
Calculate the remainder when 53330 is divided by 19.
16
What is the remainder when 448 is divided by 93?
76
What is the remainder when 316 is divided by 59?
21
Calculate the remainder when 494 is divided by 164.
2
What is the remainder when 209 is divided by 7?
6
What is the remainder when 703 is divided by 64?
63
Calculate the remainder when 230 is divided by 96.
38
Calculate the remainder when 469 is divided by 163.
143
What is the remainder when 289 is divided by 140?
9
What is the remainder when 345 is divided by 32?
25
Calculate the remainder when 128 is divided by 43.
42
What is the remainder when 190 is divided by 63?
1
Calculate the remainder when 176 is divided by 13.
7
Calculate the remainder when 531 is divided by 88.
3
What is the remainder when 2601 is divided by 84?
81
What is the remainder when 783 is divided by 132?
123
What is the remainder when 138 is divided by 37?
27
Calculate the remainder when 2802 is divided by 288.
210
Calculate the remainder when 1443 is divided by 50.
43
What is the remainder when 2393 is divided by 21?
20
Calculate the remainder when 2211 is divided by 41.
38
Calculate the remainder when 1602 is divided by 65.
42
What is the remainder when 172 is divided by 32?
12
Calculate the remainder when 64 is divided by 8.
0
What is the remainder when 2111 is divided by 14?
11
What is the remainder when 3657 is divided by 122?
119
Calculate the remainder when 1160 is divided by 167.
158
What is the remainder when 818 is divided by 210?
188
Calculate the remainder when 64462 is divided by 102.
100
Calculate the remainder when 9 is divided by 2.
1
Calculate the remainder when 104 is divided by 35.
34
Calculate the remainder when 523 is divided by 35.
33
Calculate the remainder when 128 is divided by 10.
8
What is the remainder when 3 is divided by 3?
0
What is the remainder when 243 is divided by 82?
79
Calculate the remainder when 1212 is divided by 136.
124
Calculate the remainder when 184 is divided by 27.
22
Calculate the remainder when 4817 is divided by 73.
72
Calculate the remainder when 368 is divided by 9.
8
Calculate the remainder when 669 is divided by 14.
11
What is the remainder when 163 is divided by 77?
9
What is the remainder when 204 is divided by 66?
6
What is the remainder when 4965 is divided by 72?
69
Calculate the remainder when 3732 is divided by 15.
12
Calculate the remainder when 189 is divided by 32.
29
What is the remainder when 122 is divided by 47?
28
Calculate the remainder when 6927 is divided by 51.
42
What is the remainder when 513 is divided by 224?
65
Calculate the remainder when 1966 is divided by 54.
22
What is the remainder when 204 is divided by 64?
12
Calculate the remainder when 1734 is divided by 20.
14
What is the remainder when 2416 is divided by 80?
16
What is the remainder when 960 is divided by 313?
21
What is the remainder when 757 is divided by 11?
9
What is the remainder when 715 is divided by 258?
199
What is the remainder when 188 is divided by 12?
8
What is the remainder when 18321 is divided by 14?
9
Calculate the remainder when 717 is divided by 142.
7
What is the remainder when 4735 is divided by 148?
147
Calculate the remainder when 446 is divided by 121.
83
What is the remainder when 39 is divided by 13?
0
Calculate the remainder when 323 is divided by 13.
11
Calculate the remainder when 571 is divided by 26.
25
What is the remainder when 122 is divided by 65?
57
What is the remainder when 125 is divided by 26?
21
What is the remainder when 197 is divided by 38?
7
Calculate the remainder when 99 is divided by 39.
21
Calculate the remainder when 1205 is divided by 39.
35
What is the remainder when 537 is divided by 124?
41
Calculate the remainder when 47 is divided by 37.
10
What is the remainder when 528 is divided by 31?
1
What is the remainder when 35 is divided by 18?
17
What is the remainder when 248 is divided by 17?
10
Calculate the remainder when 178 is divided by 52.
22
What is the remainder when 165 is divided by 31?
10
What is the remainder when 89 is divided by 28?
5
What is the remainder when 6524 is divided by 1085?
14
What is the remainder when 3784 is divided by 540?
4
Calculate the remainder when 28 is divided by 21.
7
What is the remainder when 556 is divided by 43?
40
Calculate the remainder when 735 is divided by 11.
9
Calculate the remainder when 104 is divided by 8.
0
Calculate the remainder when 34 is divided by 12.
10
Calculate the remainder when 614 is divided by 30.
14
Calculate the remainder when 1465 is divided by 89.
41
What is the remainder when 1847 is divided by 14?
13
What is the remainder when 42 is divided by 17?
8
What is the remainder when 68 is divided by 17?
0
What is the remainder when 436 is divided by 123?
67
What is the remainder when 1405 is divided by 7?
5
Calculate the remainder when 67 is divided by 23.
21
What is the remainder when 1975 is divided by 12?
7
What is the remainder when 1278 is divided by 23?
13
What is the remainder when 80 is divided by 21?
17
Calculate the remainder when 490 is divided by 163.
1
Calculate the remainder when 688 is divided by 53.
52
Calculate the remainder when 142 is divided by 13.
12
What is the remainder when 142 is divided by 54?
34
Calculate the remainder when 2155 is divided by 46.
39
Calculate the remainder when 16197 is divided by 